et a = 3 - y. Suppose -a*m = -2*r - 8 - 65, -4*r + 49 = 5*m. Calculate the remainder when 24 is divided by m.
11
Suppose 0 = 2*w + 2*w - 32. Calculate the remainder when (-74)/36*-14 + 18/81 is divided by w.
5
Let c be (2 - -15)/((-2)/(-8)). Let v = 0 - 0. Suppose -c = -4*g - v*g. What is the remainder when g is divided by 5?
2
Suppose -5*m - 4*a + 137 = -2*a, m + 4*a = 31. Calculate the remainder when 106 is divided by m.
25
Suppose 5*l - 1 = -21. Let x = l - -6. Suppose p - 7 = -w, -5*w - x = -p + 17. Calculate the remainder when 15 is divided by p.
6
Let w(a) = -528*a**3 - 187*a. Let u(y) = -17*y**3 - 6*y. Let s(t) = 187*u(t) - 6*w(t). Calculate the remainder when s(-1) is divided by 4.
3
Suppose 4*k + 4*c = 44, -2*k = -0*k + c - 25. Let w = 11 + k. Calculate the remainder when w is divided by 7.
4
Let j(l) = -2*l**2 + 6*l - 1. What is the remainder when 28 is divided by j(2)?
1
Calculate the remainder when 51 is divided by (-11 + -1)/(6/(-9)).
15
Suppose -n + 2 = -0. Suppose n*m - 20 - 136 = 0. Calculate the remainder when m is divided by 20.
18
What is the remainder when 64/2*4/((-8)/(-7)) is divided by 19?
17
Let b(x) = -x**3 + 5*x**2 - 4*x + 3. Let p be b(4). Let z be (p - -18) + 3 - 1. Let o = z + -16. What is the remainder when 26 is divided by o?
5
Let p(i) = 3*i**2 - i - 1. Let m be p(-1). Let l = m - -28. Let x(c) = -c**2 + 8*c + 4. Calculate the remainder when l is divided by x(6).
15
Suppose -4*f = -5*f + 19. Suppose -3*c = 2*c - 30. Let l(d) = -d**2 + 8*d - 2. What is the remainder when f is divided by l(c)?
9
Suppose 3*m - 176 = -5*a + 4*m, 52 = 2*a - 5*m. Calculate the remainder when a is divided by 19/(4 - 12/4).
17
Calculate the remainder when 93 is divided by (0 - 16/3)*(-1 - 2).
13
Let j(k) = k**2 + 2*k - 1. Let g be (-65)/(-1) - 3 - 1. Suppose 115 = 5*u - 4*z + 16, -3*u = -4*z - g. What is the remainder when u is divided by j(2)?
5
Let u = 41 + 38. Suppose 0 = 4*l - 5*l + u. Suppose 0 = 3*s - 5*k - l, -s - 5*k + 0 = -13. What is the remainder when s is divided by 12?
11
Let l = 3 - -15. Let r be (-10)/14 - 4/14. Calculate the remainder when 1 + r - 102/(-3) is divided by l.
16
Let d = -84 - -156. Calculate the remainder when d is divided by 20.
12
Suppose -q - 5*s = 29, -2*q + 3*s + 30 = -4*q. Let g = -6 - q. Suppose 24 = -m + g*m. What is the remainder when 23 is divided by m?
11
Calculate the remainder when 35 is divided by 9*-3*1/(-3).
8
Suppose 32 = 2*c + 4*k, -5*c = k - 0*k - 116. What is the remainder when c is divided by 9?
6
Let u = -33 - -55. Let k(f) = 2*f**2 + 3*f + 3. Calculate the remainder when u is divided by k(-3).
10
Suppose 0*z - 4*z = -700. Suppose g - 6*g = -z. Calculate the remainder when g is divided by 18.
17
Suppose -4*d = 4*o - 96, 7*o - 8*o = -2*d + 48. Calculate the remainder when 90 is divided by d.
18
Suppose 8*f - 246 = 2*f. Calculate the remainder when 79 is divided by f.
38
Let t(l) = l**3 + 3*l**2 - 2. Let o be (-4)/8 + (-7)/(-2). Calculate the remainder when t(o) is divided by (-1)/1 + -1 + 20.
16
Suppose 0 = 4*m - 5*m - 20. Let z = m + 45. Calculate the remainder when z is divided by 7.
4
Suppose -3*a = a + 2*k - 12, 4*a = -4*k + 16. Suppose a*y - 3 = 3. Suppose -2*l + 1 - 7 = b, 5*l = -20. What is the remainder when y is divided by b?
1
Suppose -22 = -2*a + 4*n - n, -a + 5*n + 25 = 0. What is the remainder when (-3 + 4)/(1/9) is divided by a?
4
Let a(q) = 24*q**2 + 1. Suppose 5*w - 5*n = 40, -5*n + 0 = -2*w + 1. Calculate the remainder when a(-1) is divided by w.
12
Let z be (-2)/(-6) + (-4)/3. Calculate the remainder when (-53)/z - (0 - -1) is divided by 18.
16
Let f = -16 - -53. What is the remainder when f is divided by 13?
11
Calculate the remainder when ((-530)/20)/(0 + (-2)/4) is divided by 11.
9
Suppose 5*h - 3*g - 43 = 18, 5*g = 5*h - 65. Let j = -5 - 11. Let k = -10 - j. What is the remainder when h is divided by k?
5
Suppose 18*x - 84 = 15*x. What is the remainder when 82 is divided by x?
26
Suppose 3*q = 79 + 23. Suppose q = 2*r + 3*u, -r = -2*r + 5*u + 30. Let z = 7 - 0. Calculate the remainder when r is divided by z.
6
Suppose 74 = -12*m + 14*m. Suppose -5*l = -0*l - 75. Let g = l + -2. Calculate the remainder when m is divided by g.
11
Calculate the remainder when 55 is divided by (3/(-12))/(2/(-152)).
17
Suppose d + 5*l - 10*l = 27, 4*d - 5*l = 63. Calculate the remainder when 46 is divided by d.
10
Let m(q) be the third derivative of q**5/2 + q**4/12 - q**3/6 - 2*q**2. Calculate the remainder when m(1) is divided by 16.
15
Let g = 9 - -15. Calculate the remainder when g is divided by 17 + -1 - (5 - 2).
11
Let j(i) = 2*i**3 - i. Let b be j(-1). Suppose 5*x = 137 + 93. Calculate the remainder when x is divided by b + (0 - -17) + 0.
14
Let n = -13 - -23. What is the remainder when 18 is divided by n?
8
Let q = 19 + -17. What is the remainder when 5 is divided by q?
1
Let r(h) = -2*h - 9. Let w be r(-6). Suppose 18 = 2*f - 3*z, -z + 29 = w*f - 6*z. Calculate the remainder when 3 is divided by f.
0
What is the remainder when 19 + (-1 - -3 - 3) is divided by 10?
8
Let q = -1 + 4. Suppose q*r - 8 = 4. Calculate the remainder when 7 is divided by r.
3
Let d = 199 - 87. Calculate the remainder when d is divided by 23.
20
Let d(n) = n**3 - 5*n**2 + 2*n + 1. Let s be d(5). Let y = -4 + s. Calculate the remainder when 12 is divided by y.
5
Suppose 4 = c + 1. What is the remainder when (-7)/(-1*c/6) is divided by 30/4*2/3?
4
Let j be 0*(-3)/(-6) - -3. Suppose -3*m = -2*m - j*t - 32, -3*m + 2*t = -117. Calculate the remainder when m is divided by 14.
13
Let g = -2 - -16. What is the remainder when 66 is divided by g?
10
Let p(i) = -i**3 - 2*i**2 + 3*i + 7. Let f be p(-3). Suppose 4*r - 45 = f*a - 2*a, -60 = -3*r - 5*a. Calculate the remainder when 59 is divided by r.
14
Suppose -8*g + 4*g - i = -19, 2*g = i + 5. Calculate the remainder when 7 is divided by g.
3
Let p = 2 + 3. Suppose -3 = -0*u - u, -4*r = -p*u - 9. Let w = 108 + -93. What is the remainder when w is divided by r?
3
Let b(v) = -5*v + v**3 - 5 - 4*v**2 + 2*v**2 + 0*v**2. Let a be b(5). Let g = -26 + a. What is the remainder when 56 is divided by g?
18
Suppose c = 3*c. Suppose c = -5*m - 0 - 5. Calculate the remainder when 27 is divided by (-40)/4*(m - 0).
7
Suppose 2*s + 8 = -u + 4*u, 4*u - 20 = -2*s. Let g = 13 + -3. Calculate the remainder when g is divided by u.
2
Suppose 8*z + 120 = 4*z. Let h = 44 + z. What is the remainder when 39 is divided by h?
11
What is the remainder when 2 is divided by (-1 - 1)/(-14 + 12)?
0
Let c be ((-76)/2)/(2 - 4). Suppose -4*d = -c + 7, 5*d - 165 = -5*j. Calculate the remainder when j is divided by 135/12 - 1/4.
8
Let w(t) = -2*t - 3 + 3*t + 0*t + 2. Let y be w(2). Calculate the remainder when 219/9 + y/(-3) is divided by 13.
11
What is the remainder when (-642)/(-22) + 18/(-99) is divided by 15?
14
Let g(y) = -y**3 - 2*y**2 + 18*y - 17. Calculate the remainder when 89 is divided by g(-6).
13
Let h = 7 - -4. Let j = -6 + h. What is the remainder when 8 is divided by j?
3
Let h = 9 - -2. What is the remainder when 42 is divided by h?
9
Suppose 0 = 4*n - 37 + 5. What is the remainder when 19 is divided by n?
3
Let u be 18 + ((-4)/(-4) - -1). Let f = 31 - u. Calculate the remainder when 32 is divided by f.
10
Suppose 60 = 3*b - 5*b. What is the remainder when 12/b + (-77)/(-5) is divided by 4?
3
Let n = 6 - -3. Let r = 90 + -59. Suppose 4*l - 7 = 1, r = u + 3*l. Calculate the remainder when u is divided by n.
7
Let m(s) = s**3 - 13*s**2 + 12*s + 7. What is the remainder when m(12) is divided by 3?
1
Suppose v - 37 - 8 = 0. What is the remainder when v is divided by 3*(-4)/3 - -27?
22
Suppose -1 - 5 = -l. Let f = l - 3. Suppose 0 = f*h + 1 - 10. What is the remainder when 7 is divided by h?
1
Calculate the remainder when (-4)/(-6) + 95/15 is divided by 3.
1
Let c be 1/((-1)/2) + -1. Let r(f) = -2*f**3 - 3*f**3 + 4 + f + 6*f**3 - f**2 - 2*f**3. Calculate the remainder when r(c) is divided by 7.
5
Let h(s) = 99*s**3 + s + 1. Let c be h(-1). Let n = c - -220. Suppose 3*d + 0*o - n = -2*o, 0 = 3*d - 2*o - 125. What is the remainder when d is divided by 14?
13
Let a(r) be the second derivative of r**3/2 - r**2 - r. What is the remainder when a(11) is divided by 16?
15
Suppose -k - 34 = -2*d